by 61?
43
What is the remainder when 69649 is divided by 438?
7
Calculate the remainder when 348705 is divided by 20.
5
Calculate the remainder when 13651 is divided by 12867.
784
Calculate the remainder when 4857899 is divided by 441616.
123
Calculate the remainder when 699082 is divided by 1645.
1602
Calculate the remainder when 25901933 is divided by 6.
5
Calculate the remainder when 47107758 is divided by 1121613.
12
Calculate the remainder when 780350 is divided by 50.
0
What is the remainder when 20162374 is divided by 2240261?
25
What is the remainder when 255843 is divided by 748?
27
Calculate the remainder when 48971 is divided by 168.
83
What is the remainder when 3053925 is divided by 84831?
9
What is the remainder when 6967977 is divided by 1741980?
57
Calculate the remainder when 17021601 is divided by 38.
33
Calculate the remainder when 225705 is divided by 1050.
1005
Calculate the remainder when 114092 is divided by 35763.
6803
What is the remainder when 3343970 is divided by 1761?
1592
What is the remainder when 738511 is divided by 22352?
895
What is the remainder when 49728743 is divided by 2856?
71
Calculate the remainder when 2368205 is divided by 1184093.
19
What is the remainder when 4272811 is divided by 4565?
4536
Calculate the remainder when 12032804 is divided by 37.
34
Calculate the remainder when 20278825 is divided by 9926.
7
What is the remainder when 4049620 is divided by 103?
72
What is the remainder when 396988 is divided by 49444?
1436
What is the remainder when 2335771 is divided by 116785?
71
Calculate the remainder when 3950907 is divided by 47601.
24
Calculate the remainder when 26262573 is divided by 57.
51
What is the remainder when 409556 is divided by 6063?
3335
Calculate the remainder when 27171493 is divided by 1451.
67
Calculate the remainder when 171644 is divided by 6352.
140
What is the remainder when 9511527 is divided by 15?
12
Calculate the remainder when 145268 is divided by 71583.
2102
What is the remainder when 625852 is divided by 166?
32
Calculate the remainder when 16068 is divided by 15767.
301
Calculate the remainder when 195225 is divided by 1446.
15
Calculate the remainder when 3273495 is divided by 59518.
5
What is the remainder when 6687 is divided by 3250?
187
Calculate the remainder when 118647292 is divided by 46.
44
What is the remainder when 208131 is divided by 1113?
0
Calculate the remainder when 2143 is divided by 1346.
797
Calculate the remainder when 79070159 is divided by 269864.
7
Calculate the remainder when 80991 is divided by 6151.
1028
What is the remainder when 393061 is divided by 10111?
8843
What is the remainder when 97018 is divided by 17423?
9903
Calculate the remainder when 1065769 is divided by 256.
41
Calculate the remainder when 114546458 is divided by 5557.
17
What is the remainder when 422062528 is divided by 594?
580
What is the remainder when 610430 is divided by 899?
9
Calculate the remainder when 4160512 is divided by 33825.
37
What is the remainder when 22415 is divided by 2204?
375
What is the remainder when 55561118 is divided by 5556109?
28
Calculate the remainder when 239526681 is divided by 43.
40
Calculate the remainder when 1485947 is divided by 2869.
2674
Calculate the remainder when 3178151 is divided by 1588857.
437
What is the remainder when 2531929 is divided by 180852?
1
Calculate the remainder when 64854 is divided by 620.
374
Calculate the remainder when 53522 is divided by 14224.
10850
What is the remainder when 31282923 is divided by 4667?
22
What is the remainder when 983105 is divided by 163751?
599
Calculate the remainder when 5719406 is divided by 401.
344
Calculate the remainder when 158363077 is divided by 39384.
13
Calculate the remainder when 28175404 is divided by 9391778.
70
What is the remainder when 110653 is divided by 55296?
61
What is the remainder when 8593548 is divided by 1718706?
18
What is the remainder when 3478959 is divided by 4064?
175
Calculate the remainder when 808397 is divided by 47.
44
What is the remainder when 4418908 is divided by 30?
28
What is the remainder when 78536492 is divided by 3?
2
What is the remainder when 217945 is divided by 2792?
169
What is the remainder when 302356 is divided by 1154?
8
Calculate the remainder when 538058 is divided by 2402.
10
Calculate the remainder when 17891655 is divided by 94.
71
What is the remainder when 18081 is divided by 1814?
1755
What is the remainder when 1439818 is divided by 12853?
282
What is the remainder when 48956836 is divided by 694?
688
What is the remainder when 9427655 is divided by 5896?
5847
Calculate the remainder when 132840705 is divided by 462.
459
Calculate the remainder when 764879 is divided by 2474.
413
What is the remainder when 4700 is divided by 1098?
308
What is the remainder when 14073645 is divided by 1194?
1161
Calculate the remainder when 9990297 is divided by 149.
145
What is the remainder when 1123901 is divided by 54?
53
Calculate the remainder when 217344705 is divided by 27.
24
What is the remainder when 5393244 is divided by 717?
687
Calculate the remainder when 2171034 is divided by 3221.
80
Calculate the remainder when 25867841 is divided by 803.
802
Calculate the remainder when 2214619 is divided by 4712.
4691
Calculate the remainder when 267235 is divided by 133617.
1
Calculate the remainder when 122559963 is divided by 243.
240
Calculate the remainder when 9704325 is divided by 144840.
45
What is the remainder when 36317 is divided by 5074?
799
Calculate the remainder when 82167048 is divided by 22.
18
What is the remainder when 1484771 is divided by 97?
89
What is the remainder when 3453821 is divided by 3006?
2933
What is the remainder when 111192 is divided by 5542?
352
Calculate the remainder when 687497 is divided by 17611.
668
Calculate the remainder when 19408417 is divided by 96.
1
What is the remainder when 229976 is divided by 57427?
268
What is the remainder when 292832 is divided by 13253?
1266
Calculate the remainder when 6077 is divided by 86.
57
Calculate the remainder when 170383 is divided by 4766.
3573
Calculate the remainder when 517575 is divided by 2192.
263
What is the remainder when 431930 is divided by 1878?
1868
Calculate the remainder when 2579494 is divided by 1289682.
130
Calculate the remainder when 220271 is divided by 1276.
799
What is the remainder when 2444272 is divided by 3796?
3444
Calculate the remainder when 13246438 is divided by 30.
28
What is the remainder when 59955 is divided by 3762?
3525
Calculate the remainder when 41752 is divided by 13724.
580
Calculate the remainder when 352165 is divided by 21.
16
Calculate the remainder when 2874493 is divided by 3709.
18
Calculate the remainder when 10508848 is divided by 1477.
1470
What is the remainder when 191826 is divided by 27400?
26
What is the remainder when 1151591 is divided by 471?
467
What is the remainder when 5808788 is divided by 56396?
0
What is the remainder when 1417551 is divided by 791?
79
Calculate the remainder when 1548363 is divided by 774159.
45
Calculate the remainder when 1782341 is divided by 621.
71
What is the remainder when 10762256 is divided by 98?
92
Calculate the remainder when 1324494 is divided by 2288.
2030
What is the remainder when 158134 is divided by 1387?
16
Calculate the remainder when 139315 is divided by 2400.
115
Calculate the remainder when 372070 is divided by 39.
10
Calculate the remainder when 2254973 is divided by 147.
140
Calculate the remainder when 544118636 is divided by 39.
35
What is the remainder when 54518 is divided by 1512?
86
What is the remainder when 1115477 is divided by 1367?
5
Calculate the remainder when 27585363 is divided by 13918.
13805
What is the remainder when 7663598 is divided by 94612?
26
What is the remainder when 118350 is divided by 14792?
14
What is the remainder when 1983514 is divided by 28?
22
What is the remainder when 881829 is divided by 2001?
1389
Calculate the remainder when 1592613 is divided by 2933.
2927
What is the remainder when 6538427 is divided by 588?
455
What is the remainder when 188588 is divided by 1204?
764
Calculate the remainder when 1818433077 is divided by 36.
33
What is the remainder when 78269 is divided by 25762?
98